
Let u = 78115 - 49231. List the prime factors of u.
2, 3, 29, 83
Let j be (8/72*3)/((-2)/(-24)). Suppose -3*z - 5*h + 7*h = -3587, -j*z = 4*h - 4816. List the prime factors of z.
11, 109
Let l = -919 - -3028. List the prime factors of l.
3, 19, 37
Suppose -7 = -v, -2*n - 3*v + 13004 = -39805. List the prime factors of n.
2, 3, 53, 83
Let g(h) = 1522*h**2 + 12*h - 2. What are the prime factors of g(-3)?
2, 5, 683
Suppose -28*h + 76 = 10*h. List the prime factors of 650 - h*49/(-14).
3, 73
Let n(b) = -2*b**3 - 30*b**2 + 117*b + 126. List the prime factors of n(-34).
2, 43, 233
Let c(k) be the third derivative of 21*k**5/20 - k**3/2 + k**2. What are the prime factors of c(-3)?
2, 3, 47
Let o = 100 - 96. Suppose -o*b + 1859 = -401. List the prime factors of b.
5, 113
Suppose -1332*k = -1196*k - 125120. List the prime factors of k.
2, 5, 23
Suppose 3*t - 2*l = 1 + 13, 0 = -5*t - 5*l - 10. Suppose 7*z - t*z = 5. List the prime factors of ((-20)/(-50) - 2)/(z/(-55)).
2, 11
Suppose 3*v = 8*v + 3*f - 2748, 0 = -5*f + 5. Let o = -35 + v. List the prime factors of o.
2, 257
Let t be (-33*(4 - 2) + -3)*3. Let g = t - -649. List the prime factors of g.
2, 13, 17
List the prime factors of (-5)/30*3*-4922.
23, 107
Suppose 3*s - 2*r - 476 = 5185, 5*s + 2*r = 9451. List the prime factors of s.
1889
Suppose 4*t - 24768 = o + 23185, o = -4*t + 47951. List the prime factors of t.
2, 3, 37
Suppose -5*d - 15 = 3*z + 2*z, 2*d - 5*z = -41. Let t be 262 - (-16)/10*20/d. Suppose -r + 70 = -3*p - 22, 3*r - 3*p - t = 0. List the prime factors of r.
83
Suppose 0 = h - 0*n - n + 12, -3*h - 4*n = 22. Let v = -12 - h. List the prime factors of (-2 - v) + 4 - -78.
2, 41
Suppose 0 = 22*r - 17*r + 20. List the prime factors of r*(-6)/8 + 34.
37
Suppose 16*n - 55751 = 1657. List the prime factors of n.
2, 3, 13, 23
Let m = -9269 + 23673. What are the prime factors of m?
2, 13, 277
Let l = 158024 - 93443. What are the prime factors of l?
3, 11, 19, 103
Suppose -n - 5*y + y + 9634 = 0, 6*y = 4*n - 38602. What are the prime factors of n?
2, 7, 13, 53
Let l(k) = k**3 - k**2 - k + 78. Let o be ((-4)/(-2))/(1 + -5 + 5). Let i be (0 + 0)/(3/(-6)*o). What are the prime factors of l(i)?
2, 3, 13
Suppose -3*y + 55 = 1. Suppose -3*z + y = 4*w, 2*z - 17 = -3*w - 4. Suppose 0 = w*f + f + 3*t - 103, 3*f + t - 76 = 0. List the prime factors of f.
5
Suppose 4*j + 28510 = -4*c + 9*j, 4*c = j - 28502. List the prime factors of (c/18 + 8/(-12))*-2.
13, 61
What are the prime factors of ((-44323)/2)/(-2 + 3/2)?
127, 349
Let x = 47015 - 28931. List the prime factors of x.
2, 3, 11, 137
Suppose 109*u - 100*u = 1026. Let k = u + -49. What are the prime factors of k?
5, 13
Suppose -62 = -27*b + 25*b. Let u = 22 - b. Let d = 41 + u. List the prime factors of d.
2
Suppose 0 = 5*w - w - 16. Suppose w*j - m = 51 - 14, -13 = -j + 4*m. What are the prime factors of j/15 - (-197)/5 - -2?
2, 3, 7
Let d(s) = -13*s**3 + 9*s**2 + 2*s - 6. Let j be d(-5). Suppose -t = -4*z - 3*t + 2446, t = -3*z + j. What are the prime factors of z?
13, 47
What are the prime factors of (-5)/(-2)*547326/195?
3, 2339
List the prime factors of 3/4*7036*(-6)/(-2).
3, 1759
Let b(u) = -2*u**3 - 253*u**2 - 341*u - 789. What are the prime factors of b(-126)?
3, 11, 797
Suppose 5*n + 25 = -4*c, -c - 3*c - n - 5 = 0. Suppose -5*y = -c*y - 10. Suppose -2*z + 114 = 2*m - 6*z, -y*z = 5*m - 237. List the prime factors of m.
7
Let u(c) = c**3 - 28*c**2 - 27*c - 74. Let v be u(29). List the prime factors of 8/10*(1814 - v).
2, 3, 61
Suppose -19*h = -32*h + 455. Suppose -h*x + 41746 = 9686. What are the prime factors of x?
2, 229
Let g be (-2)/7 + (-108)/(-84) - -4. Suppose 23 - 258 = -g*k. What are the prime factors of k?
47
Suppose 25456 = 27*n - 36*n + 46*n. What are the prime factors of n?
2, 43
Let b be (-2 + -3 + 3)/(8/(-380)). What are the prime factors of 171/b*(-110)/(-2)?
3, 11
Let i(n) = 30*n**2 - 336*n - 2. List the prime factors of i(-14).
2, 11, 13, 37
Let n(c) = 28*c - 2. Let o be n(0). List the prime factors of 13590/60 - (-1 + 1/o).
2, 3, 19
Let q(d) = -2711*d - 2259. What are the prime factors of q(-7)?
2, 13, 643
Suppose -83 = 14*q - 125. Suppose 3*j + 722 = m, -q*m = j - 0*j - 2156. List the prime factors of m.
719
Let s(j) = -2*j + 5. Let u be s(-15). Let z = -32 + u. Let n(i) = 2*i**3 + 2*i**2 + 2*i - 1. List the prime factors of n(z).
7, 11
Let i = -9706 + 27667. What are the prime factors of i?
3, 5987
Suppose 3647*m - 48873 = -d + 3645*m, 195456 = 4*d - m. What are the prime factors of d?
5, 29, 337
Let s be 9 - 22 - (-6 - 2). What are the prime factors of (s - -1154)/((0 - 4)/(-4))?
3, 383
Let o = 30286 - 30276. Let x(g) be the third derivative of 5*g**4/8 - 41*g**3/6 - g**2. What are the prime factors of x(o)?
109
Suppose 0 = -2*d - 2*g + 29224, -d + 5*g - 7826 = -22462. What are the prime factors of d?
2, 3, 7, 29
Suppose -1320503 - 943682 = -55*q - 22*q. What are the prime factors of q?
5, 5881
Suppose 12*i - 2*i = -11710. Let m be i/3 + 4/(-6). List the prime factors of (-4 + 5 + m)*4/(-8).
3, 5, 13
Suppose 0 = -4*a + 2*t + 6 + 18, 0 = 4*a + 3*t - 24. Let s = -1 + a. Suppose -2*h - 478 = -5*u, -s*u + h + 0*h + 474 = 0. What are the prime factors of u?
2, 47
Suppose 6*v = 3*v + 15. Suppose -4*s + 5 = b - 6, -26 = -3*b - v*s. Suppose -10*x + b*x = -198. List the prime factors of x.
2, 3, 11
Let d = 6 - 4. Suppose 4*l - 6*l = -d. What are the prime factors of (-112 + -10)*l/(-2)?
61
Let r = 34364 + -15586. What are the prime factors of r?
2, 41, 229
Let l(c) = -16 - 15 + 6 + 2*c + 4*c. Let a be l(12). List the prime factors of a - 4/(-12)*3.
2, 3
Let u(w) = -186*w + 32. Let r(m) = -559*m + 100. Let k(j) = -3*r(j) + 8*u(j). List the prime factors of k(5).
17, 53
Let u(k) = 12*k - 2 + 0 - 7 + 3*k**2 + 0. Suppose -22*b + 12*b + 50 = 0. List the prime factors of u(b).
2, 3, 7
Let m(b) = -b**3 + 72*b**2 + 131*b + 1439. List the prime factors of m(74).
181
Suppose -3*z - 5090 = -2*f, 3*f - 3*z - 5668 = 1964. Suppose 8590 = 11*v - f. What are the prime factors of v?
2, 11, 23
Let n(w) = 153*w**3 + 8*w**2 - 10*w + 35. What are the prime factors of n(7)?
2, 3, 7, 17, 37
Suppose -2*n - 12 = 3*p - 4*p, -5*p + 10 = 0. Let s be 3 - 783/n - 4/(-10). What are the prime factors of s/(-12)*(-54)/15?
2, 3
Let p(j) = 71*j + 12. Let g(r) = 36*r + 4. Let b(w) = 7*g(w) - 3*p(w). What are the prime factors of b(1)?
31
What are the prime factors of (430 - 55)/((-6)/(-400))?
2, 5
Suppose -45274 = -5*s + 4*v, -5*s - 5*v + 45268 = -8*v. What are the prime factors of s?
2, 5, 181
Suppose 20*a - 25*a = -60. Suppose a*n - 9460 = -8*n. List the prime factors of n.
11, 43
Suppose 14*q + 6*q = -19*q + 305916. List the prime factors of q.
2, 37, 53
Suppose u + 4082 = -26*m + 27*m - 4*u, -3*u = 0. List the prime factors of m.
2, 13, 157
Let u(o) = 93*o**2 + 1951*o - 32. List the prime factors of u(-22).
2, 3, 7
Suppose 0 = -1656*h + 1628*h + 189056. List the prime factors of h.
2, 211
List the prime factors of (115 - 1)/(70/1295).
3, 19, 37
Let u(k) = 57*k + 9204. What are the prime factors of u(0)?
2, 3, 13, 59
Let n(b) be the second derivative of 9*b**4/2 + 5*b**3/6 + 9*b**2/2 - 61*b. List the prime factors of n(-3).
2, 3, 5
Let k be ((-12186)/36)/(0 + (-1)/(-10)). What are the prime factors of 42/9*(k/(-10) - 7)?
7, 13, 17
Let z = -206 + 214. Suppose 3*k = 3*o - 183, o - 28 - 27 = -5*k. Suppose -z*y + 20*y = o. List the prime factors of y.
5
Let w(s) = s**3 + 24*s**2 + 25*s + 44. Let f be w(-22). Suppose -25*b = -22*b - f. What are the prime factors of b?
2, 7, 11
Suppose 11 - 17 = -2*s. Let u be (s - 2)*-2*-2. What are the prime factors of (-3 - (-156)/(-8))/(u/(-24))?
3, 5
Let h = -1633 + 23636. List the prime factors of h.
22003
Let t = 95 - -39. Suppose q = 5*z - 20, -3*q + 20 = 2*z + 3*z. Suppose z*v - 14 = t. List the prime factors of v.
37
Let z(l) = -17*l + 33 - 13*l - 5*l. What are the prime factors of z(-3)?
2, 3, 23
Suppose 4*g - 6961 = -4*g + 1239. List the prime factors of g.
5, 41
Suppose 40*c + 35*c = 634597 + 1300853. What are the prime factors of c?
2, 3, 11, 17, 23
Let s = -38 + 36. Let u be 1 + s - (-18 - -13). Suppose -2*o + 296 = u*f + 2*o, 4*o - 62 = -f. List the prime factors of f.
2, 3, 13
Let o(z) = 2*z**2 + 14*z + 27. Let